{"id":2647,"date":"2020-07-29T20:29:05","date_gmt":"2020-07-29T20:29:05","guid":{"rendered":"http:\/\/afa.mvilamajo.opalstacked.com\/?page_id=2647"},"modified":"2020-09-12T03:02:22","modified_gmt":"2020-09-12T03:02:22","slug":"covid-19","status":"publish","type":"page","link":"http:\/\/rafa2020.fisica.org.ar\/?page_id=2647","title":{"rendered":"COVID-19"},"content":{"rendered":"<p>Durante la 105\u00b0 RAFA &#8211; Primera Webinar, se desarrollar\u00e1 esta <strong>actividad especial con eje en la COVID-19 y las investigaciones que se est\u00e1n desarrollando al respecto.<\/strong><\/p>\n<h4>Martes 22 &#8211; 18 hs<\/h4>\n<p style=\"padding-left: 40px;\"><strong>Los modelos matem\u00e1ticos y la epidemia de COVID-19 en Argentina<\/strong><\/p>\n<p style=\"padding-left: 40px;\"><img loading=\"lazy\" class=\"alignright wp-image-2986\" src=\"http:\/\/afa.mvilamajo.opalstacked.com\/wp-content\/uploads\/2020\/09\/gabriel_fabricius-206x300.jpg\" alt=\"\" width=\"200\" height=\"291\" srcset=\"http:\/\/rafa2020.fisica.org.ar\/wp-content\/uploads\/2020\/09\/gabriel_fabricius-206x300.jpg 206w, http:\/\/rafa2020.fisica.org.ar\/wp-content\/uploads\/2020\/09\/gabriel_fabricius.jpg 236w\" sizes=\"(max-width: 200px) 100vw, 200px\" \/>Gabriel Fabricius<br \/>\nInstituto de Investigaciones Fisicoqu\u00edmicas Te\u00f3ricas y Aplicadas<br \/>\nFacultad de Ciencias Exactas<br \/>\nUniversidad Nacional de La Plata<\/p>\n<p style=\"padding-left: 40px;\">Los modelos matem\u00e1ticos constituyen una herramienta valiosa para estudiar el complejo problema de la transmisi\u00f3n de una enfermedad infecciosa. El proceso de modelizaci\u00f3n nos obliga a poner en t\u00e9rminos matem\u00e1ticos las hip\u00f3tesis realizadas al intentar conectar el mundo de los microorganismos, la batalla que el sistema inmune libra contra ellos en nuestro cuerpo y la propagaci\u00f3n de la enfermedad en la sociedad. La descripci\u00f3n de la evoluci\u00f3n de una epidemia brindada por los modelos matem\u00e1ticos contribuye a generar un \u201csentido com\u00fan\u201d de las conexiones entre estos mundos. Este \u201csentido com\u00fan\u201d es altamente dependiente de las hip\u00f3tesis en juego. Esa dependencia ser\u00e1 uno de los temas de la charla. Introducir\u00e9 algunos par\u00e1metros y conceptos epidemiol\u00f3gicos b\u00e1sicos como el n\u00famero reproductivo, R0, y la inmunidad de reba\u00f1o y discutir\u00e9 cr\u00edticamente su utilidad y sentido en el contexto de la epidemia de COVID-19 en la Argentina. Analizar\u00e9 el inicio de la epidemia en el AMBA y la posibilidad de obtener par\u00e1metros del proceso de transmisi\u00f3n que resulten \u00fatiles para evaluar estrategias de control de la enfermedad, en particular, estrategias vacunales. Intentar\u00e9 ilustrar, a trav\u00e9s de los resultados de simulaciones realizadas con distintos modelos, el rol que la estocasticidad y la heterogeneidad de los contactos sociales pueden jugar en la evoluci\u00f3n y eventual contenci\u00f3n de la epidemia.<\/p>\n<h4>Martes 22 &#8211; 18,50 hs<\/h4>\n<p style=\"padding-left: 40px;\"><strong>Desarrollo de telas activas para barbijos de uso social<\/strong><\/p>\n<p style=\"padding-left: 40px;\"><img loading=\"lazy\" class=\"alignright wp-image-2984\" src=\"http:\/\/afa.mvilamajo.opalstacked.com\/wp-content\/uploads\/2020\/09\/lucia_fama-213x300.jpg\" alt=\"\" width=\"200\" height=\"281\" srcset=\"http:\/\/rafa2020.fisica.org.ar\/wp-content\/uploads\/2020\/09\/lucia_fama-213x300.jpg 213w, http:\/\/rafa2020.fisica.org.ar\/wp-content\/uploads\/2020\/09\/lucia_fama.jpg 380w\" sizes=\"(max-width: 200px) 100vw, 200px\" \/>Luc\u00eda Fam\u00e1<br \/>\nDepartamento de F\u00edsica<br \/>\nFacultad de Ciencias Exactas y Naturales<br \/>\nUniversidad de Buenos Aires<\/p>\n<p style=\"padding-left: 40px;\">La pandemia declarada por la OMS a ra\u00edz de la circulaci\u00f3n mundial del virus SAR-Cov-2 (que provoca la enfermedad COVID 19), demostr\u00f3 la necesidad del uso de barbijos para evitar el contagio progresivo de la poblaci\u00f3n. De un d\u00eda para el otro, el barbijo se convirti\u00f3 en parte de nuestras vidas, se transform\u00f3 en un elemento indispensable para salir de casa. Las autoridades sanitarias, con buen criterio, apelaron a la utilizaci\u00f3n de tapabocas caseros para quienes no pertenecemos al sector salud y reservar los barbijos N95 y los quir\u00fargicos para los trabajadores del mencionado rubro. Sin embargo, la mayor\u00eda de los barbijos caseros, o aquellos que se pueden adquirir en las farmacias (mayoritariamente de una o dos capas protectoras), presentan una efectividad menor al 70%; principalmente, debido a su elevada porosidad respecto del tama\u00f1o del virus.<br \/>\nEn este contexto, un equipo de investigadores y becarios del Laboratorio de Pol\u00edmeros y Materiales Compuestos del Departamento de F\u00edsica de la UBA junto con la UNSAM y bajo el marco de un convenio con CONICET y una PyME textil del conurbano de Buenos Aires, desarrollamos telas resistentes a bacterias, hongos y virus, para su empleo en barbijos reutilizables para toda la poblaci\u00f3n. Estas telas cuentan con un sistema polim\u00e9rico con componentes activos como iones de plata y de cobre que evitan el crecimiento de bacterias y hongos e inactivan al virus generador de la enfermedad COVID-19. Los resultados de las investigaciones referidas mostraron que las telas lograron matar a las bacterias y a los hongos incubados, y que desactivan al virus SAR-Cov-2 en menos de 5 minutos.-<br \/>\nA partir de los logros de este trabajo, se consigui\u00f3 transferir el desarrollo a la PyME involucrada, quien se encuentra elaborando los barbijos de triple protecci\u00f3n y que asumi\u00f3 el compromiso de donar el 10% de su producci\u00f3n para sectores m\u00e1s necesitados.<\/p>\n<h4>Jueves 24 &#8211; 18 hs<\/h4>\n<p style=\"padding-left: 40px;\"><strong>Investigating the SARS-CoV-2 virus: a minimal system for virus like particles and measurements of structural integrity<\/strong><\/p>\n<p style=\"padding-left: 40px;\"><img loading=\"lazy\" class=\"alignright wp-image-2983\" src=\"http:\/\/afa.mvilamajo.opalstacked.com\/wp-content\/uploads\/2020\/09\/saveez_saffarian-233x300.jpg\" alt=\"\" width=\"200\" height=\"257\" srcset=\"http:\/\/rafa2020.fisica.org.ar\/wp-content\/uploads\/2020\/09\/saveez_saffarian-233x300.jpg 233w, http:\/\/rafa2020.fisica.org.ar\/wp-content\/uploads\/2020\/09\/saveez_saffarian-796x1024.jpg 796w, http:\/\/rafa2020.fisica.org.ar\/wp-content\/uploads\/2020\/09\/saveez_saffarian-768x987.jpg 768w, http:\/\/rafa2020.fisica.org.ar\/wp-content\/uploads\/2020\/09\/saveez_saffarian-1195x1536.jpg 1195w, http:\/\/rafa2020.fisica.org.ar\/wp-content\/uploads\/2020\/09\/saveez_saffarian-1593x2048.jpg 1593w, http:\/\/rafa2020.fisica.org.ar\/wp-content\/uploads\/2020\/09\/saveez_saffarian-scaled.jpg 1991w\" sizes=\"(max-width: 200px) 100vw, 200px\" \/>Saveez Saffarian,<br \/>\nDepartment of Physics and Astronomy<br \/>\nCenter for Cell and Genome Sciences<br \/>\nUSTAR investigator<br \/>\nUniversity of Utah<\/p>\n<p style=\"padding-left: 40px;\">SARS-CoV-2 virus is the causative agent of COVID-19. A minimal system to create SARS-CoV-2 virus like particles (VLPs) will be presented. The assembled SARS-CoV-2 VLPs possess S protein spikes on particle exterior, making them ideal for vaccine development. The particles range in shape from spherical to elongated with a characteristic size of 129 \u00b1 32 nm. SARS-CoV-2 VLPs dried in ambient conditions can retain their structural integrity upon repeated scans with Atomic Force Microscopy up to a peak force of 1 nN. We have further used these particles to visualize SARS-CoV-2 entering into cells, investigate the dynamics of the S protein spike on the membrane of the virion and measure structural integrity of virions at different temperatures. Further uses of the VLPs and methods to create one time infectious virions will also be discussed.<\/p>\n<h4>Jueves 24 &#8211; 18,50 hs<\/h4>\n<p style=\"padding-left: 40px;\"><strong>Luces y sombras de la respuesta inmune contra el SARS-COV-2, el virus que nos cambi\u00f3 la vida<\/strong><\/p>\n<p style=\"padding-left: 40px;\"><img loading=\"lazy\" class=\"wp-image-2985 alignright\" src=\"http:\/\/afa.mvilamajo.opalstacked.com\/wp-content\/uploads\/2020\/09\/mariana_maccioni-269x300.jpg\" alt=\"\" width=\"200\" height=\"223\" srcset=\"http:\/\/rafa2020.fisica.org.ar\/wp-content\/uploads\/2020\/09\/mariana_maccioni-269x300.jpg 269w, http:\/\/rafa2020.fisica.org.ar\/wp-content\/uploads\/2020\/09\/mariana_maccioni.jpg 507w\" sizes=\"(max-width: 200px) 100vw, 200px\" \/>Mariana Maccioni<br \/>\nDepartamento de Bioqu\u00edmica Cl\u00ednica<br \/>\nFacultad de Ciencias Qu\u00edmicas<br \/>\nUniversidad Nacional de C\u00f3rdoba<br \/>\nCentro de Investigaciones en Bioqu\u00edmica Cl\u00ednica e Inmunolog\u00eda (CIBICI-CONICET)<\/p>\n<p style=\"padding-left: 40px;\">Desde la identificaci\u00f3n del nuevo coronavirus SARS-CoV-2 (severe acute respiratory syndrome coronavirus 2) como agente causal de la enfermedad COVID-19 (coronavirus disease 2019) ha transcurrido poco m\u00e1s de 6 meses. En el mundo entero se han infectado m\u00e1s de 25 millones de personas y fallecido alrededor de 800.000, gener\u00e1ndose la mayor crisis de salud p\u00fablica del siglo. En una respuesta sin precedentes, la comunidad cient\u00edfica ha realizado enormes avances en el conocimiento del virus y en la comprensi\u00f3n de las causas que determinan la severidad de la enfermedad. Sabemos el rol crucial que juega el sistema inmune en controlar la infecci\u00f3n, pero sabemos tambi\u00e9n que, parad\u00f3jicamente, puede contribuir a exacerbar la patolog\u00eda, promoviendo sus formas m\u00e1s severas. En esta charla, revisaremos el conocimiento alcanzado respecto al rol del sistema inmune en COVID 19 y discutiremos los interrogantes que a\u00fan quedan sin respuesta: \u00bfpor qu\u00e9 las personas responden de forma tan diferente? \u00bfpor qu\u00e9 es tan riesgoso alcanzar la inmunidad de reba\u00f1o con la infecci\u00f3n natural? \u00bfexiste la posibilidad de la reinfecci\u00f3n? \u00bfqu\u00e9 es la inmunidad de memoria? \u00bfen qu\u00e9 consisten las vacunas en prueba?<\/p>\n<p>&nbsp;<\/p>\n<p><a href=\"http:\/\/afa.mvilamajo.opalstacked.com\/?page_id=2946\"><img loading=\"lazy\" class=\"alignnone wp-image-2944\" src=\"http:\/\/afa.mvilamajo.opalstacked.com\/wp-content\/uploads\/2020\/08\/cronograma_actividades_sobre_covid-300x264.jpg\" alt=\"\" width=\"225\" height=\"198\" srcset=\"http:\/\/rafa2020.fisica.org.ar\/wp-content\/uploads\/2020\/08\/cronograma_actividades_sobre_covid-300x264.jpg 300w, http:\/\/rafa2020.fisica.org.ar\/wp-content\/uploads\/2020\/08\/cronograma_actividades_sobre_covid.jpg 429w\" sizes=\"(max-width: 225px) 100vw, 225px\" \/><\/a> \u00a0 <a href=\"http:\/\/afa.mvilamajo.opalstacked.com\/?page_id=2794\"><img loading=\"lazy\" class=\"alignnone wp-image-2793\" src=\"http:\/\/afa.mvilamajo.opalstacked.com\/wp-content\/uploads\/2020\/07\/contacto_actividades_sobre_covid-300x264.jpg\" alt=\"\" width=\"225\" height=\"198\" srcset=\"http:\/\/rafa2020.fisica.org.ar\/wp-content\/uploads\/2020\/07\/contacto_actividades_sobre_covid-300x264.jpg 300w, http:\/\/rafa2020.fisica.org.ar\/wp-content\/uploads\/2020\/07\/contacto_actividades_sobre_covid.jpg 429w\" sizes=\"(max-width: 225px) 100vw, 225px\" \/><\/a> \u00a0 <a href=\"http:\/\/sistema.fisica.org.ar\/\"><img loading=\"lazy\" class=\"alignnone wp-image-3035\" src=\"http:\/\/afa.mvilamajo.opalstacked.com\/wp-content\/uploads\/2020\/09\/intranet_covid-300x264.jpg\" alt=\"\" width=\"225\" height=\"198\" srcset=\"http:\/\/rafa2020.fisica.org.ar\/wp-content\/uploads\/2020\/09\/intranet_covid-300x264.jpg 300w, http:\/\/rafa2020.fisica.org.ar\/wp-content\/uploads\/2020\/09\/intranet_covid.jpg 429w\" sizes=\"(max-width: 225px) 100vw, 225px\" \/><\/a><\/p>\n<p>&nbsp;<\/p>\n<p><strong>Coordinadores:<\/strong> Gustavo Sibona &#8211; Karina Laneri<\/p>\n","protected":false},"excerpt":{"rendered":"<p>Durante la 105\u00b0 RAFA &#8211; Primera Webinar, se desarrollar\u00e1 esta actividad especial con eje en la COVID-19 y las investigaciones que se est\u00e1n desarrollando al respecto. Martes 22 &#8211; 18 hs Los modelos matem\u00e1ticos y la epidemia de COVID-19 en Argentina Gabriel Fabricius Instituto de Investigaciones Fisicoqu\u00edmicas Te\u00f3ricas y Aplicadas Facultad de Ciencias Exactas Universidad<a class=\"moretag\" href=\"http:\/\/rafa2020.fisica.org.ar\/?page_id=2647\"><span class=\"screen-reader-text\">Read more about COVID-19<\/span>[&#8230;]<\/a><\/p>\n","protected":false},"author":6,"featured_media":0,"parent":0,"menu_order":0,"comment_status":"closed","ping_status":"closed","template":"","meta":[],"_links":{"self":[{"href":"http:\/\/rafa2020.fisica.org.ar\/index.php?rest_route=\/wp\/v2\/pages\/2647"}],"collection":[{"href":"http:\/\/rafa2020.fisica.org.ar\/index.php?rest_route=\/wp\/v2\/pages"}],"about":[{"href":"http:\/\/rafa2020.fisica.org.ar\/index.php?rest_route=\/wp\/v2\/types\/page"}],"author":[{"embeddable":true,"href":"http:\/\/rafa2020.fisica.org.ar\/index.php?rest_route=\/wp\/v2\/users\/6"}],"replies":[{"embeddable":true,"href":"http:\/\/rafa2020.fisica.org.ar\/index.php?rest_route=%2Fwp%2Fv2%2Fcomments&post=2647"}],"version-history":[{"count":18,"href":"http:\/\/rafa2020.fisica.org.ar\/index.php?rest_route=\/wp\/v2\/pages\/2647\/revisions"}],"predecessor-version":[{"id":3036,"href":"http:\/\/rafa2020.fisica.org.ar\/index.php?rest_route=\/wp\/v2\/pages\/2647\/revisions\/3036"}],"wp:attachment":[{"href":"http:\/\/rafa2020.fisica.org.ar\/index.php?rest_route=%2Fwp%2Fv2%2Fmedia&parent=2647"}],"curies":[{"name":"wp","href":"https:\/\/api.w.org\/{rel}","templated":true}]}}

<p>Durante la 105° RAFA &#8211; Primera Webinar, se desarrollará esta <strong>actividad especial con eje en la COVID-19 y las investigaciones que se están desarrollando al respecto.</strong></p>
<h4>Martes 22 &#8211; 18 hs</h4>
<p style="padding-left: 40px;"><strong>Los modelos matemáticos y la epidemia de COVID-19 en Argentina</strong></p>
<p style="padding-left: 40px;"><img loading="lazy" class="alignright wp-image-2986" src="http://afa.mvilamajo.opalstacked.com/wp-content/uploads/2020/09/gabriel_fabricius-206x300.jpg" alt="" width="200" height="291" srcset="http://rafa2020.fisica.org.ar/wp-content/uploads/2020/09/gabriel_fabricius-206x300.jpg 206w, http://rafa2020.fisica.org.ar/wp-content/uploads/2020/09/gabriel_fabricius.jpg 236w" sizes="(max-width: 200px) 100vw, 200px" />Gabriel Fabricius<br />
Instituto de Investigaciones Fisicoquímicas Teóricas y Aplicadas<br />
Facultad de Ciencias Exactas<br />
Universidad Nacional de La Plata</p>
<p style="padding-left: 40px;">Los modelos matemáticos constituyen una herramienta valiosa para estudiar el complejo problema de la transmisión de una enfermedad infecciosa. El proceso de modelización nos obliga a poner en términos matemáticos las hipótesis realizadas al intentar conectar el mundo de los microorganismos, la batalla que el sistema inmune libra contra ellos en nuestro cuerpo y la propagación de la enfermedad en la sociedad. La descripción de la evolución de una epidemia brindada por los modelos matemáticos contribuye a generar un “sentido común” de las conexiones entre estos mundos. Este “sentido común” es altamente dependiente de las hipótesis en juego. Esa dependencia será uno de los temas de la charla. Introduciré algunos parámetros y conceptos epidemiológicos básicos como el número reproductivo, R0, y la inmunidad de rebaño y discutiré críticamente su utilidad y sentido en el contexto de la epidemia de COVID-19 en la Argentina. Analizaré el inicio de la epidemia en el AMBA y la posibilidad de obtener parámetros del proceso de transmisión que resulten útiles para evaluar estrategias de control de la enfermedad, en particular, estrategias vacunales. Intentaré ilustrar, a través de los resultados de simulaciones realizadas con distintos modelos, el rol que la estocasticidad y la heterogeneidad de los contactos sociales pueden jugar en la evolución y eventual contención de la epidemia.</p>
<h4>Martes 22 &#8211; 18,50 hs</h4>
<p style="padding-left: 40px;"><strong>Desarrollo de telas activas para barbijos de uso social</strong></p>
<p style="padding-left: 40px;"><img loading="lazy" class="alignright wp-image-2984" src="http://afa.mvilamajo.opalstacked.com/wp-content/uploads/2020/09/lucia_fama-213x300.jpg" alt="" width="200" height="281" srcset="http://rafa2020.fisica.org.ar/wp-content/uploads/2020/09/lucia_fama-213x300.jpg 213w, http://rafa2020.fisica.org.ar/wp-content/uploads/2020/09/lucia_fama.jpg 380w" sizes="(max-width: 200px) 100vw, 200px" />Lucía Famá<br />
Departamento de Física<br />
Facultad de Ciencias Exactas y Naturales<br />
Universidad de Buenos Aires</p>
<p style="padding-left: 40px;">La pandemia declarada por la OMS a raíz de la circulación mundial del virus SAR-Cov-2 (que provoca la enfermedad COVID 19), demostró la necesidad del uso de barbijos para evitar el contagio progresivo de la población. De un día para el otro, el barbijo se convirtió en parte de nuestras vidas, se transformó en un elemento indispensable para salir de casa. Las autoridades sanitarias, con buen criterio, apelaron a la utilización de tapabocas caseros para quienes no pertenecemos al sector salud y reservar los barbijos N95 y los quirúrgicos para los trabajadores del mencionado rubro. Sin embargo, la mayoría de los barbijos caseros, o aquellos que se pueden adquirir en las farmacias (mayoritariamente de una o dos capas protectoras), presentan una efectividad menor al 70%; principalmente, debido a su elevada porosidad respecto del tamaño del virus.<br />
En este contexto, un equipo de investigadores y becarios del Laboratorio de Polímeros y Materiales Compuestos del Departamento de Física de la UBA junto con la UNSAM y bajo el marco de un convenio con CONICET y una PyME textil del conurbano de Buenos Aires, desarrollamos telas resistentes a bacterias, hongos y virus, para su empleo en barbijos reutilizables para toda la población. Estas telas cuentan con un sistema polimérico con componentes activos como iones de plata y de cobre que evitan el crecimiento de bacterias y hongos e inactivan al virus generador de la enfermedad COVID-19. Los resultados de las investigaciones referidas mostraron que las telas lograron matar a las bacterias y a los hongos incubados, y que desactivan al virus SAR-Cov-2 en menos de 5 minutos.-<br />
A partir de los logros de este trabajo, se consiguió transferir el desarrollo a la PyME involucrada, quien se encuentra elaborando los barbijos de triple protección y que asumió el compromiso de donar el 10% de su producción para sectores más necesitados.</p>
<h4>Jueves 24 &#8211; 18 hs</h4>
<p style="padding-left: 40px;"><strong>Investigating the SARS-CoV-2 virus: a minimal system for virus like particles and measurements of structural integrity</strong></p>
<p style="padding-left: 40px;"><img loading="lazy" class="alignright wp-image-2983" src="http://afa.mvilamajo.opalstacked.com/wp-content/uploads/2020/09/saveez_saffarian-233x300.jpg" alt="" width="200" height="257" srcset="http://rafa2020.fisica.org.ar/wp-content/uploads/2020/09/saveez_saffarian-233x300.jpg 233w, http://rafa2020.fisica.org.ar/wp-content/uploads/2020/09/saveez_saffarian-796x1024.jpg 796w, http://rafa2020.fisica.org.ar/wp-content/uploads/2020/09/saveez_saffarian-768x987.jpg 768w, http://rafa2020.fisica.org.ar/wp-content/uploads/2020/09/saveez_saffarian-1195x1536.jpg 1195w, http://rafa2020.fisica.org.ar/wp-content/uploads/2020/09/saveez_saffarian-1593x2048.jpg 1593w, http://rafa2020.fisica.org.ar/wp-content/uploads/2020/09/saveez_saffarian-scaled.jpg 1991w" sizes="(max-width: 200px) 100vw, 200px" />Saveez Saffarian,<br />
Department of Physics and Astronomy<br />
Center for Cell and Genome Sciences<br />
USTAR investigator<br />
University of Utah</p>
<p style="padding-left: 40px;">SARS-CoV-2 virus is the causative agent of COVID-19. A minimal system to create SARS-CoV-2 virus like particles (VLPs) will be presented. The assembled SARS-CoV-2 VLPs possess S protein spikes on particle exterior, making them ideal for vaccine development. The particles range in shape from spherical to elongated with a characteristic size of 129 ± 32 nm. SARS-CoV-2 VLPs dried in ambient conditions can retain their structural integrity upon repeated scans with Atomic Force Microscopy up to a peak force of 1 nN. We have further used these particles to visualize SARS-CoV-2 entering into cells, investigate the dynamics of the S protein spike on the membrane of the virion and measure structural integrity of virions at different temperatures. Further uses of the VLPs and methods to create one time infectious virions will also be discussed.</p>
<h4>Jueves 24 &#8211; 18,50 hs</h4>
<p style="padding-left: 40px;"><strong>Luces y sombras de la respuesta inmune contra el SARS-COV-2, el virus que nos cambió la vida</strong></p>
<p style="padding-left: 40px;"><img loading="lazy" class="wp-image-2985 alignright" src="http://afa.mvilamajo.opalstacked.com/wp-content/uploads/2020/09/mariana_maccioni-269x300.jpg" alt="" width="200" height="223" srcset="http://rafa2020.fisica.org.ar/wp-content/uploads/2020/09/mariana_maccioni-269x300.jpg 269w, http://rafa2020.fisica.org.ar/wp-content/uploads/2020/09/mariana_maccioni.jpg 507w" sizes="(max-width: 200px) 100vw, 200px" />Mariana Maccioni<br />
Departamento de Bioquímica Clínica<br />
Facultad de Ciencias Químicas<br />
Universidad Nacional de Córdoba<br />
Centro de Investigaciones en Bioquímica Clínica e Inmunología (CIBICI-CONICET)</p>
<p style="padding-left: 40px;">Desde la identificación del nuevo coronavirus SARS-CoV-2 (severe acute respiratory syndrome coronavirus 2) como agente causal de la enfermedad COVID-19 (coronavirus disease 2019) ha transcurrido poco más de 6 meses. En el mundo entero se han infectado más de 25 millones de personas y fallecido alrededor de 800.000, generándose la mayor crisis de salud pública del siglo. En una respuesta sin precedentes, la comunidad científica ha realizado enormes avances en el conocimiento del virus y en la comprensión de las causas que determinan la severidad de la enfermedad. Sabemos el rol crucial que juega el sistema inmune en controlar la infección, pero sabemos también que, paradójicamente, puede contribuir a exacerbar la patología, promoviendo sus formas más severas. En esta charla, revisaremos el conocimiento alcanzado respecto al rol del sistema inmune en COVID 19 y discutiremos los interrogantes que aún quedan sin respuesta: ¿por qué las personas responden de forma tan diferente? ¿por qué es tan riesgoso alcanzar la inmunidad de rebaño con la infección natural? ¿existe la posibilidad de la reinfección? ¿qué es la inmunidad de memoria? ¿en qué consisten las vacunas en prueba?</p>
<p>&nbsp;</p>
<p><a href="http://afa.mvilamajo.opalstacked.com/?page_id=2946"><img loading="lazy" class="alignnone wp-image-2944" src="http://afa.mvilamajo.opalstacked.com/wp-content/uploads/2020/08/cronograma_actividades_sobre_covid-300x264.jpg" alt="" width="225" height="198" srcset="http://rafa2020.fisica.org.ar/wp-content/uploads/2020/08/cronograma_actividades_sobre_covid-300x264.jpg 300w, http://rafa2020.fisica.org.ar/wp-content/uploads/2020/08/cronograma_actividades_sobre_covid.jpg 429w" sizes="(max-width: 225px) 100vw, 225px" /></a>   <a href="http://afa.mvilamajo.opalstacked.com/?page_id=2794"><img loading="lazy" class="alignnone wp-image-2793" src="http://afa.mvilamajo.opalstacked.com/wp-content/uploads/2020/07/contacto_actividades_sobre_covid-300x264.jpg" alt="" width="225" height="198" srcset="http://rafa2020.fisica.org.ar/wp-content/uploads/2020/07/contacto_actividades_sobre_covid-300x264.jpg 300w, http://rafa2020.fisica.org.ar/wp-content/uploads/2020/07/contacto_actividades_sobre_covid.jpg 429w" sizes="(max-width: 225px) 100vw, 225px" /></a>   <a href="http://sistema.fisica.org.ar/"><img loading="lazy" class="alignnone wp-image-3035" src="http://afa.mvilamajo.opalstacked.com/wp-content/uploads/2020/09/intranet_covid-300x264.jpg" alt="" width="225" height="198" srcset="http://rafa2020.fisica.org.ar/wp-content/uploads/2020/09/intranet_covid-300x264.jpg 300w, http://rafa2020.fisica.org.ar/wp-content/uploads/2020/09/intranet_covid.jpg 429w" sizes="(max-width: 225px) 100vw, 225px" /></a></p>
<p>&nbsp;</p>
<p><strong>Coordinadores:</strong> Gustavo Sibona &#8211; Karina Laneri</p>

<p>Durante la 105° RAFA &#8211; Primera Webinar, se desarrollará esta actividad especial con eje en la COVID-19 y las investigaciones que se están desarrollando al respecto. Martes 22 &#8211; 18 hs Los modelos matemáticos y la epidemia de COVID-19 en Argentina Gabriel Fabricius Instituto de Investigaciones Fisicoquímicas Teóricas y Aplicadas Facultad de Ciencias Exactas Universidad<a class="moretag" href="http://rafa2020.fisica.org.ar/?page_id=2647"><span class="screen-reader-text">Read more about COVID-19</span>[&#8230;]</a></p>
